 w(-14).
6
Let o(a) = -3*a + 42. Calculate o(18).
-12
Let s(z) = 2*z + 3. Give s(-5).
-7
Let s(i) = 3*i**2 - 67*i + 305. Determine s(16).
1
Let h(n) = -n**2 + 8*n - 3. Give h(2).
9
Let x(f) = 12*f - 162. What is x(13)?
-6
Let m(f) = f**3 - 13*f**2 + 2*f - 16. What is m(13)?
10
Let b(j) = 8*j**2 + 11*j - 7. What is b(-3)?
32
Let a(p) = -7*p**3 + p**2 - 2*p + 1. What is a(1)?
-7
Let v(l) = -20*l - 16. Calculate v(4).
-96
Let l(u) = u**2 - 6*u - 18. Determine l(8).
-2
Let c(p) = -p**3 - 4*p**2 - 3*p + 4. Give c(-4).
16
Let v(l) = -13*l + 8. What is v(4)?
-44
Let b(y) = y**2 + 5*y - 1. Give b(-6).
5
Let a(q) = 2*q**2 - 32*q + 74. Determine a(13).
-4
Let o(d) = -4*d + 5. Give o(-6).
29
Let k(l) = 161*l + 322. Calculate k(-2).
0
Let l(p) = -3*p**3 - 34*p**2 - 11*p - 5. What is l(-11)?
-5
Let q(k) = k**2 + 2*k - 8. Determine q(-6).
16
Let j(w) = -w**3 + 12*w**2 - 6*w - 14. Calculate j(12).
-86
Let q(u) = u**2 - 2*u - 3. Give q(-4).
21
Let c(b) = -4*b - 162. Determine c(-26).
-58
Let f(s) = -s**3 + 5*s**2 + 5*s + 4. Calculate f(5).
29
Let r(g) = g**3 + 9*g**2 + 8*g - 5. What is r(-7)?
37
Let s(m) = -m**2 - 14. Determine s(-6).
-50
Let n(d) = d**3 - 14*d**2 + 11*d + 11. Determine n(12).
-145
Let w(u) = -2*u**2 - 9*u - 4. What is w(-5)?
-9
Let c(a) = 14*a**2 - 54*a + 2. Give c(4).
10
Let d(k) = -4*k**2 - 2. What is d(1)?
-6
Let y(b) = 11*b - 2. Calculate y(-2).
-24
Let c(r) = -17*r**2 + 4*r + 4. Calculate c(-1).
-17
Let y(k) = -6*k**2 + 22*k + 29. Give y(5).
-11
Let p(r) = r**3 - 5*r**2 - 3*r + 1. What is p(6)?
19
Let j(r) = r + 3. Calculate j(-5).
-2
Let v(q) = q**3 + 11*q**2 + 11*q + 5. What is v(-10)?
-5
Let s(n) = 5*n - 2. Give s(1).
3
Let a(j) = -j**3 + 9*j**2 - 7*j - 20. Determine a(7).
29
Let z(v) = -2*v - 29. Determine z(-8).
-13
Let s(g) = -g**2 + 25*g - 7. Determine s(25).
-7
Let w(o) = -o**3 + 2*o**2 + 9*o + 3. Give w(4).
7
Let s(c) = 10*c + 79. What is s(-8)?
-1
Let r(l) = -6*l - 132. Calculate r(-23).
6
Let l(a) = a**2 - 2*a + 5. Give l(8).
53
Let c(v) = 2*v**3 + 3*v**2 - 5*v + 2. Calculate c(1).
2
Let x(s) = s + 4. Calculate x(6).
10
Let m(p) = -p**3 + 10*p**2 - 10*p + 4. Give m(9).
-5
Let y(p) = 6*p - 18. Determine y(5).
12
Let t(z) = -z**2 + 7*z + 51. Determine t(11).
7
Let q(c) = c**3 + 3*c + 5. Give q(0).
5
Let w(p) = -p**3 - 9*p**2 + 3*p + 18. What is w(-9)?
-9
Let i(j) = 19*j - 1038. Give i(55).
7
Let o(j) = -j**3 - 2*j**2 + 2*j + 9. What is o(0)?
9
Let h(t) = -9*t + 5. Calculate h(-1).
14
Let i(v) = 17*v - 38. Give i(9).
115
Let x(n) = -3*n**2 - 60*n + 130. Calculate x(-22).
-2
Let h(p) = p**3 + p**2 - p + 27. Give h(0).
27
Let q(l) = -l**3 + 44*l**2 - 384*l + 8. Calculate q(12).
8
Let c(w) = w**3 - 8*w**2 + 3*w - 8. Calculate c(8).
16
Let g(c) = -c**2 + 10*c - 5. Determine g(12).
-29
Let t(u) = 14*u - 507. Determine t(36).
-3
Let w(d) = -d**3 + 4*d**2 - 11*d - 13. What is w(6)?
-151
Let j(w) = 147*w + 148. What is j(-1)?
1
Let o(n) = 10*n + 29. Calculate o(-3).
-1
Let b(i) = 24*i + 6. Calculate b(-2).
-42
Let o(g) = 2*g**2 - 42*g + 209. What is o(8)?
1
Let t(o) = -o**2 - 7*o + 8. Calculate t(-6).
14
Let d(q) = -13*q - 78. Determine d(-6).
0
Let b(n) = -n**3 + 3*n**2 - 2*n + 2. Calculate b(3).
-4
Let f(h) = -2*h + 4. What is f(-1)?
6
Let m(j) = 24*j**3 - 2*j**2 - j + 1. Give m(1).
22
Let v(c) = 2*c**3 + 11*c**2 + 6*c - 7. What is v(-4)?
17
Let r(a) = -34*a + 272. Determine r(8).
0
Let n(i) = -2*i**2 + 12*i + 2. Give n(5).
12
Let c(i) = 8*i + 71. Calculate c(-6).
23
Let f(m) = 28*m - 18. Give f(-5).
-158
Let b(c) = -8*c**2 - c. Give b(-1).
-7
Let p(o) = o**2 - 8. Give p(4).
8
Let v(o) = -o**2 - 9*o - 3. Calculate v(-6).
15
Let p(w) = 3*w**2 + 46*w + 16. Determine p(-15).
1
Let f(x) = -x**3 - 31*x**2 + 16. Calculate f(-31).
16
Let i(d) = 11*d - 24. Give i(-15).
-189
Let o(m) = -m**3 + 4*m**2 - 2*m + 1. Give o(6).
-83
Let g(m) = 6*m - 31. Calculate g(3).
-13
Let d(r) = r**2 + r + 2. Calculate d(-4).
14
Let s(d) = d**3 - 2*d**2 + 2*d - 9. What is s(3)?
6
Let p(q) = 2*q**2 - 15*q + 2. Calculate p(6).
-16
Let o(u) = u**3 + 7*u**2 - 5*u + 9. What is o(-8)?
-15
Let a(f) = f**3 + 7*f**2 + 7*f + 1. Determine a(-6).
-5
Let x(d) = -d**3 + 10*d**2 - 2*d + 6. What is x(10)?
-14
Let f(p) = -p - 14. Calculate f(-9).
-5
Let d(y) = -y**3 + 3*y**2 + y - 7. Calculate d(0).
-7
Let a(o) = -2*o**2 - 43*o + 114. Give a(-24).
-6
Let h(l) = 2*l**2 + l. Give h(0).
0
Let h(t) = -t**2 - 2*t + 16. Determine h(-5).
1
Let k(a) = -a**3 + a**2 + 13. What is k(3)?
-5
Let h(g) = -2*g**3 + 9*g**2 + 20*g - 3. Determine h(6).
9
Let u(j) = -j**2 - 23*j - 23. Give u(-22).
-1
Let j(n) = -n**2 - 6*n - 6. Give j(-4).
2
Let l(s) = -s**3 - 3*s**2 - 2*s - 3. Determine l(-3).
3
Let o(u) = -u**2 + 8*u + 22. What is o(7)?
29
Let t(q) = q**3 + 14*q**2 + 24*q - 2. What is t(-12)?
-2
Let o(j) = -7*j - 59. Give o(-12).
25
Let b(l) = l**3 + 8*l**2 + l - 10. Give b(-8).
-18
Let l(x) = x**3 + 4*x**2 - 7*x + 2. Give l(-6).
-28
Let i(d) = -d - 3. Give i(-6).
3
Let s(t) = -t + 13. Give s(-10).
23
Let k(s) = -82*s + 585. Determine k(7).
11
Let p(z) = -2*z - 55. Determine p(-26).
-3
Let x(n) = n + 19. Determine x(-14).
5
Let c(d) = -d**2 - 8*d - 5. Determine c(-6).
7
Let k(f) = 3*f**3 - 10*f**2 - 11*f + 2. Determine k(5).
72
Let w(i) = 2*i - 6. Calculate w(6).
6
Let u(k) = k**3 + 2*k**2 - 15*k + 7. Determine u(-6).
-47
Let v(z) = 5*z - 79. Calculate v(9).
-34
Let n(r) = 15*r**2 + 2*r - 3. Determine n(2).
61
Let i(n) = -n**3 + 27*n**2 - 27*n + 12. What is i(26)?
-14
Let j(k) = -k**3 + 7*k**2 - 7*k - 7. Determine j(6).
-13
Let v(z) = z**2 + 9*z + 12. Give v(-6).
-6
Let b(y) = y**3 + 9*y**2 - 10*y - 8. Give b(-10).
-8
Let t(f) = -f**3 - 8*f**2 - 8*f - 19. Determine t(-8).
45
Let u(y) = y**3 + 10*y**2 + 14*y - 41. Give u(-8).
-25
Let q(c) = -c**2 + 19*c - 36. Give q(17).
-2
Let v(k) = -k**2 + 3. Determine v(4).
-13
Let w(s) = -s**3 + 12*s**2 + 4*s - 38. Give w(11).
127
Let k(r) = -3*r**3 + 17*r - 5. Give k(0).
-5
Let m(t) = t**3 - 20*t**2 - 15*t - 19. What is m(21)?
107
Let s(o) = o - 19. Determine s(12).
-7
Let w(h) = h**2 - 14*h + 18. Determine w(15).
33
Let a(m) = -3*m**2 + 5*m. Give a(2).
-2
Let j(f) = -f**2 - 2*f + 9. Calculate j(3).
-6
Let m(i) = 2*i**3 - 39*i**2 - 20*i - 1. Determine m(20).
-1
Let x(h) = h**3 + 4*h**2 - 3*h + 4. What is x(-4)?
16
Let v(h) = -7*h**2 - 174*h + 1. Give v(-25).
-24
Let x(w) = w**2 + 12*w + 14. Give x(-10).
-6
Let d(v) = 3*v**3 - v**2 - v - 5. What is d(2)?
13
Let t(f) = -f**3 + 9*f**2 + 9*f - 12. Determine t(9).
69
Let v(w) = w**2 - 7*w - 17. Give v(9).
1
Let l(n) = n - 7. What is l(5)?
-2
Let u(o) = -35*o + 1. Determine u(1).
-34
Let a(j) = 2*j - 9. What is a(6)?
3
Let x(u) = u**3 + 11*u**2 + 20*u - 33. What is x(-8)?
-1
Let a(m) = -m**2 + 13*m - 35. What is a(9)?
1
Let m(h) = 4*h + 22. What is m(-10)?
-18
Let l(i) = -i + 11. What is l(9)?
2
Let p(y) = -y**3 + 13*y**2 - 28*y - 3. Give p(10).
17
Let v(o) = 9*o. Determine v(-1).
-9
Let q(d) = d**3 + 8*d**2 - 7*d + 11. What is q(-9)?
-7
Let i(q) = q**2 + 3*q. Calculate i(3).
18
Let t(j) = 12*j + 4. Determine t(-6).
-68
Let y(g) = -g**2 + 4*g + 7. What is y(-2)?
-5
Let w(t) = -t**3 - t**2 + 47*t - 19. Determine w(-7).
-54
Let c(d) = -d**2 - 11*d - 20. Determine c(-8).
4
Let y(q) = q - 12. Determine y(-4).
-16
Let l(t) = t + 3. What is l(4)?
7
Let o(s) = -4*s - 59. Determine o(-31).
65
Let p(x) = -x**2 + x + 11. What is p(5)?
-9
Let n(s) = s**3 + 22. What is n(0)?
22
Let a(k) = -6*k + 68. What is a(11)?
2
Let g(b) = -5*b**2 + 77*b + 47. Determine g(16).
-1
Let y(i) = i**2 - i - 1. Calculate y(-1).
1
Let z(t) = 5*t - 5. Determine z(13).
60
Let z(p) = 2*p**3 - 5*p**2 + 2*p + 2. Determine z(3).
17
Let y(h) = h**2 + 13*h + 9. Determine y(-12).
-3
Let c(r) = 32*r + 230. Give c(-8).
-26
Let y(s) = -2*s - 13. Give y(7).
-27
Let v(w) = -w**2 - 14*w + 17. Calculate v(-15).
2
Let k(h) = -8*h**2 - 2*h - 1. Determine k(-2).
-29
Let p(h) = -h**3 - 5*h**2 + 22*h - 22. Determine p(-8).
-6
Let k(f) = -7*f + 6. What is k(3)?
-15
Let h(i) = -3*i**2 - 2*i + 6. Calculate h(-2).
-2
Let z(k) = -k**2 + 4*k + 11. Give z(8).
-21
Let w(p) = -30*p. Calculate w(-1).
30
Let o(g) = -g**2 + 12*g + 2. Calculate o(6).
38
Let i(k) = -3*k - 53. Calculate i(-16).
-5
Let u(l) = -16*l + 40. Calculate u(2).
8
Let c(k) = -3*k + 2. What is c(7)?
-19
